{"id":2694,"date":"2015-02-13T10:14:02","date_gmt":"2015-02-13T08:14:02","guid":{"rendered":"http:\/\/jml.kapsi.fi\/jussi\/?page_id=2694"},"modified":"2019-11-14T12:06:22","modified_gmt":"2019-11-14T10:06:22","slug":"www-julkaisemisen-perusteet-linkit","status":"publish","type":"page","link":"https:\/\/jml.kapsi.fi\/jussi\/www-julkaisemisen-perusteet\/www-julkaisemisen-perusteet-linkit\/","title":{"rendered":"WWW-julkaisemisen perusteet &#8211; Linkit"},"content":{"rendered":"\n<ul class=\"www-julkaiseminen-navi wp-block-list\"><li><a title=\"WWW-julkaisemisen perusteet\" href=\"\/jussi\/www-julkaisemisen-perusteet\/\">Etusivu<\/a><\/li><li><a title=\"WWW-julkaisemisen perusteet \u2013 HTML\" href=\"\/jussi\/www-julkaisemisen-perusteet\/www-julkaiseminen-html\/\">HTML<\/a><\/li><li><a title=\"WWW-julkaisemisen perusteet \u2013 CSS\" href=\"\/jussi\/www-julkaisemisen-perusteet\/www-julkaiseminen-css\/\">CSS<\/a><\/li><li><a title=\"WWW-julkaisemisen perusteet \u2013 Design\" href=\"\/jussi\/www-julkaisemisen-perusteet\/www-julkaisemisen-perusteet-design\/\">Design<\/a><\/li><li><span class=\"current\">Linkit<\/span><\/li><\/ul>\n\n\n\n<p>Linkkej\u00e4 valikoituihin l\u00e4hteisiin, jatka voivat auttaa WWW-sivujen tekemisess\u00e4 eteenp\u00e4in:<\/p>\n\n\n\n<h2 class=\"wp-block-heading\">HTML<\/h2>\n\n\n\n<ul class=\"wp-block-list\"><li><a href=\"http:\/\/www.w3schools.com\/html\/default.asp\">HTML Tutorial &#8211; W3schools.com<\/a><\/li><li><a href=\"http:\/\/html5up.net\/\">HTML5 UP<\/a> &#8211; Valmiita sivupohjia<\/li><\/ul>\n\n\n\n<h2 class=\"wp-block-heading\">HTML-editoreja<\/h2>\n\n\n\n<ul class=\"wp-block-list\"><li><a href=\"http:\/\/notepad-plus-plus.org\/\">Notepad++<\/a><\/li><li><a href=\"http:\/\/www.barebones.com\/products\/textwrangler\/\">TextWrangler<\/a><\/li><\/ul>\n\n\n\n<h2 class=\"wp-block-heading\">CSS<\/h2>\n\n\n\n<ul class=\"wp-block-list\"><li><a href=\"http:\/\/www.w3schools.com\/css\/default.asp\">CSS tutorial &#8211; W3schools.com<\/a><\/li><\/ul>\n\n\n\n<h2 class=\"wp-block-heading\">Design<\/h2>\n\n\n\n<ul class=\"wp-block-list\"><li><a href=\"http:\/\/www.0to255.com\/\">0to255.com<\/a> &#8211; mainio ty\u00f6kalu v\u00e4ris\u00e4vyjen s\u00e4\u00e4t\u00e4miseen<\/li><li><a href=\"https:\/\/www.canva.com\/\">Canva<\/a> &#8211; luo grafiikkaa verkkoon<\/li><li><a href=\"http:\/\/paletton.com\/\">Paletton<\/a> &#8211; ty\u00f6kalu v\u00e4ripalettien luomiseen<\/li><\/ul>\n","protected":false},"excerpt":{"rendered":"<p>Etusivu HTML CSS Design Linkit Linkkej\u00e4 valikoituihin l\u00e4hteisiin, jatka voivat auttaa WWW-sivujen tekemisess\u00e4 eteenp\u00e4in: HTML HTML Tutorial &#8211; W3schools.com HTML5 UP &#8211; Valmiita sivupohjia HTML-editoreja Notepad++ TextWrangler CSS CSS tutorial &#8211; W3schools.com Design 0to255.com &#8211; mainio ty\u00f6kalu v\u00e4ris\u00e4vyjen s\u00e4\u00e4t\u00e4miseen Canva &#8211; luo grafiikkaa verkkoon Paletton &#8211; ty\u00f6kalu v\u00e4ripalettien luomiseen<\/p>\n","protected":false},"author":2,"featured_media":0,"parent":2668,"menu_order":4,"comment_status":"closed","ping_status":"open","template":"","meta":{"footnotes":""},"class_list":["post-2694","page","type-page","status-publish","hentry"],"_links":{"self":[{"href":"https:\/\/jml.kapsi.fi\/jussi\/wp-json\/wp\/v2\/pages\/2694","targetHints":{"allow":["GET"]}}],"collection":[{"href":"https:\/\/jml.kapsi.fi\/jussi\/wp-json\/wp\/v2\/pages"}],"about":[{"href":"https:\/\/jml.kapsi.fi\/jussi\/wp-json\/wp\/v2\/types\/page"}],"author":[{"embeddable":true,"href":"https:\/\/jml.kapsi.fi\/jussi\/wp-json\/wp\/v2\/users\/2"}],"replies":[{"embeddable":true,"href":"https:\/\/jml.kapsi.fi\/jussi\/wp-json\/wp\/v2\/comments?post=2694"}],"version-history":[{"count":10,"href":"https:\/\/jml.kapsi.fi\/jussi\/wp-json\/wp\/v2\/pages\/2694\/revisions"}],"predecessor-version":[{"id":4187,"href":"https:\/\/jml.kapsi.fi\/jussi\/wp-json\/wp\/v2\/pages\/2694\/revisions\/4187"}],"up":[{"embeddable":true,"href":"https:\/\/jml.kapsi.fi\/jussi\/wp-json\/wp\/v2\/pages\/2668"}],"wp:attachment":[{"href":"https:\/\/jml.kapsi.fi\/jussi\/wp-json\/wp\/v2\/media?parent=2694"}],"curies":[{"name":"wp","href":"https:\/\/api.w.org\/{rel}","templated":true}]}}